{"id":704,"date":"2020-03-07T09:42:07","date_gmt":"2020-03-07T08:42:07","guid":{"rendered":"http:\/\/flxbcli.cluster028.hosting.ovh.net\/?post_type=product&#038;p=498"},"modified":"2025-09-21T16:08:07","modified_gmt":"2025-09-21T14:08:07","slug":"hygiene-dentaire","status":"publish","type":"product","link":"https:\/\/veterinairechampagne.com\/?product=hygiene-dentaire","title":{"rendered":"Hygi\u00e8ne dentaire"},"content":{"rendered":"<p>Lamelles anti-tartre, dentifrice, brosse \u00e0 dents, tout le n\u00e9cessaire pour la sant\u00e9 bucco-dentaire de votre compagnon.<\/p>\n","protected":false},"excerpt":{"rendered":"<p>Retrouvez les lamelles PROZYM sur ClubVetShop, livraison au choix \u00e0 la clinique de Champagne ou au cabinet de Civrieux.<\/p>\n<p>Cliquez sur le logo ClubVetShop !<\/p>\n<p><a href=\"https:\/\/clubvetshop.fr\/medicaments\/6750-prozym-chien-lamelles-a-macher-9009907.html\"><img decoding=\"async\" loading=\"lazy\" class=\"alignnone size-full wp-image-492\" src=\"http:\/\/flxbcli.cluster028.hosting.ovh.net\/wp-content\/uploads\/2020\/03\/7DEF4C5A-DFCD-4C84-BCAD-1506FB4B4F9C-e1583569635255.png\" alt=\"\" width=\"200\" height=\"200\" \/><\/a><\/p>\n","protected":false},"featured_media":846,"comment_status":"open","ping_status":"closed","template":"","meta":[],"_links":{"self":[{"href":"https:\/\/veterinairechampagne.com\/index.php?rest_route=\/wp\/v2\/product\/704"}],"collection":[{"href":"https:\/\/veterinairechampagne.com\/index.php?rest_route=\/wp\/v2\/product"}],"about":[{"href":"https:\/\/veterinairechampagne.com\/index.php?rest_route=\/wp\/v2\/types\/product"}],"replies":[{"embeddable":true,"href":"https:\/\/veterinairechampagne.com\/index.php?rest_route=%2Fwp%2Fv2%2Fcomments&post=704"}],"wp:featuredmedia":[{"embeddable":true,"href":"https:\/\/veterinairechampagne.com\/index.php?rest_route=\/wp\/v2\/media\/846"}],"wp:attachment":[{"href":"https:\/\/veterinairechampagne.com\/index.php?rest_route=%2Fwp%2Fv2%2Fmedia&parent=704"}],"curies":[{"name":"wp","href":"https:\/\/api.w.org\/{rel}","templated":true}]}}